x**2 + 7*x + 8. Calculate c(m).
2
Let f(l) = -l**2 - 6*l - 1. Let q(o) = -27*o + 57*o - 2 - 26*o - 3*o**2. Let t be q(2). What is f(t)?
-1
Let l(i) be the second derivative of 1/12*i**4 + 27*i + 0 + 7/6*i**3 - 1/2*i**2. Determine l(-6).
-7
Let t(y) = y**3 + 6*y**2 - 7*y - 6. Let x be 2 + 1 + -9 - 1. Calculate t(x).
-6
Suppose 7*g = 11*g - 16. Let f(h) = g + 5*h + h**3 + 12*h**2 + 22*h**2 + h - 40*h**2. Let y(t) = -t**3 + 5*t**2 - 5*t + 2. Let j be y(3). Determine f(j).
9
Let u(l) = l + 7. Let g be -1 - 2 - (2 - 5). Suppose -3*a + 68 = -7*a + 2*m, g = -a + 2*m - 17. Let q = a + 14. Give u(q).
4
Let k(f) = -20*f - 36. Let a(r) = 7*r + 13. Let m(d) = -14*a(d) - 5*k(d). What is m(8)?
14
Suppose 43 = 21*c - 20. Let w(v) be the first derivative of v**2 - 1/3*v**c - 2 + v. What is w(4)?
-7
Let z(f) be the third derivative of -f**5/30 + 5*f**4/24 + 10*f**2 + 10*f. Determine z(5).
-25
Let g(t) = -9*t + 12. Let s(k) = k - 2. Let i(d) = 2*g(d) + 22*s(d). What is i(9)?
16
Let x(l) = 7*l - 1. Let z = -656 + 658. What is x(z)?
13
Let v(u) = u**3 + 6*u**2 + 5*u + 7. Let a be v(-5). Let c(o) = 15*o**2 - a*o**2 - 6*o**2 - o**2 - 1. What is c(-1)?
0
Suppose 33*w + 550 = 28*w. Let p = 113 + w. Let b(r) = r - 5. Give b(p).
-2
Let y(c) = -7*c**3 - c + 1. Let z be y(1). Let w = -5 - z. Let i(d) = -1 + 2*d**w + d**3 + 3 + 4 - 7. What is i(-1)?
0
Let c be -5 - 121/77 - 4/(-7). Let n(h) = -h**2 - 5*h + 6. What is n(c)?
0
Let f(n) be the second derivative of n**6/720 - n**5/20 + n**4/6 + 31*n. Let u(r) be the third derivative of f(r). Give u(6).
0
Let s(b) = -6*b - 2. Let u(l) = -2*l + 2. Let g(o) = -s(o) + 2*u(o). Give g(-2).
2
Let w(b) be the third derivative of b**6/120 + b**5/20 + b**4/8 - 121*b**2. What is w(-2)?
-2
Suppose 0 = -2*g - w + 24, -3*g + 20 = -3*w - 25. Let i = g + -3. Let a(z) = -z**2 - i + 7 + 0*z**2 + 4*z + 2*z**2. Calculate a(-4).
-3
Let p be 70/10 - 2/1. Let y(h) = -h**2 + 2. Let f(m) = 7*m**2 + 0 - 4*m**2 - 5 - m. Let v(o) = 3*f(o) + 8*y(o). Calculate v(p).
11
Let v(y) = -5*y**2 + 1 + 2*y + y**2 + 2*y - 3*y**2 + 5*y**2. Let k = 8 - 5. What is v(k)?
-5
Let t(a) be the first derivative of 1/2*a**2 - a + 1/4*a**4 + 5 - 5/3*a**3. Determine t(5).
4
Let k(n) = -2*n**3 - 7*n**2 + n + 4. Let m be 4*1 - (59 + -52) - 2. Determine k(m).
74
Let b(r) = 6 - 3*r - 2 + r. Let j = -14 - -28. Let c = j + -8. Determine b(c).
-8
Let q(d) = -20*d**3 - 71*d**2 + 21*d**3 - 7 + 65*d**2. Let j(l) = l**3 + l + 6. Let b be j(0). Give q(b).
-7
Let h(j) = -j + 12. Let z be h(10). Suppose v = z*l + 7, l - 4 = -0*l + 2*v. Let o be (-2)/((-5)/(45/l)). Let m(r) = 4*r + 3. Determine m(o).
-9
Let n(c) = -7*c**2 - 2*c - 1. Let p(b) = 3*b**2. Let j(w) = n(w) + 2*p(w). What is j(-1)?
0
Let r(p) = 9*p**2 - 7 - p**2 - 13*p**2 - 2*p**2 + 9*p**2 - 6*p. Give r(4).
1
Let u(p) = p**2 + 7*p + 4. Let w be u(-5). Let v(s) = s + 8. Let x be v(w). Let b(a) = -2*a + x - 6 + 6. Give b(2).
-2
Let o(l) be the third derivative of l**5/60 + l**2. Let g be -8*(-2)/(-1 + 5). Let c be 4 + -3 + (-4)/g. Calculate o(c).
0
Let g(y) = y - 1. Let n(k) = -3*k + 8. Let o be 6/(-2) - (-4)/1. Suppose 5*i - 6 = 2*i. Let s(x) = i*g(x) + o*n(x). Determine s(6).
0
Let b(j) = -j - 1. Let k(v) = 6*v**3 + 2*v**2 - 3*v - 4. Let r(c) = -3*b(c) + k(c). What is r(-1)?
-5
Let g(u) = 4*u + 3. Let k be g(-2). Let f(d) = -7*d**2 - 19*d + 12. Let v(m) = -4*m**2 - 10*m + 7. Let i(c) = 3*f(c) - 5*v(c). Calculate i(k).
11
Suppose 4 = -b - 0*b. Let w(g) = 2*g - 4. Determine w(b).
-12
Let o(g) = 2*g**2 - g - 27. Let j(v) = v**2 - v - 14. Let i(d) = -11*j(d) + 6*o(d). What is i(-7)?
6
Let q = -502 + 520. Let u(s) = -s + 9. What is u(q)?
-9
Let v(c) = -6*c**3 + c**2 - 5*c + 4. Let l(z) = 7*z**3 - 2*z**2 + 6*z - 4. Let o(f) = 5*l(f) + 6*v(f). Suppose -4 = r - 2*y, 5*y = -2*r + y - 8. What is o(r)?
4
Let m(k) = -k**2 + 12*k - 17. Let o be m(8). Let b be ((-72)/o)/((-4)/10). Let n be (-3)/(b/8) - -5. Let p(g) = -g**2 + 2. Calculate p(n).
-7
Let n(c) = -c + 5. Let u be (-6 - 5)/(-1*1). Let a(p) = p**2 - 4*p + 6. Let m be a(4). Suppose -u*b = -m*b. Calculate n(b).
5
Let l(j) = -j**3 - 12*j**2 - 8*j + 1. Let g = 518 - 529. Determine l(g).
-32
Suppose 0 = 15*v - 8 - 7. Let m(w) = w**3 + w**2 - 2*w + 1. Calculate m(v).
1
Let y be (-5 + (-111)/(-15))*(-40)/12. Let r(j) = -j**3 - 9*j**2 - 9*j - 10. Calculate r(y).
-2
Let r(l) = 7*l**2 + 27*l - 15. Let v(k) = k**2 + k - 5. Let b(w) = r(w) - 6*v(w). Calculate b(-18).
-39
Let c(p) be the second derivative of -p**4/12 - p**3/2 - 3*p**2/2 - 297*p. Determine c(-1).
-1
Let n(l) = l**2 + l - 1. Let s be n(-3). Suppose -5*g = -s*q + 10, -2*g - 11 = -0*g + 5*q. Let p(w) = 328 + 114*w - 110*w - 325. Give p(g).
-9
Suppose 0 = 2*r + 2*m + 2, 0*r - 3*r + 27 = -3*m. Suppose 0 = 3*n + n - r. Let x(j) = n - 2 - 6*j**2 - 2*j + 4*j. Calculate x(1).
-5
Let s(y) = 2*y**3 - 2. Let l(k) = -5*k**3 + 11*k**2 + 11*k - 2. Let z(r) = -l(r) - 3*s(r). What is z(-10)?
18
Suppose 0 = -n + 4*g - 7, 8*g = -n + 3*g + 2. Let m(a) be the second derivative of -a**4/12 + a**2 + 154*a - 2. Give m(n).
-7
Let b(k) be the first derivative of -k**4/4 - 5*k**3/3 + 4*k**2 + 6*k - 3. Let l(x) = x**2 - 5*x + 6. Let r be l(6). Let y = r + -18. What is b(y)?
-6
Let y(p) = -12*p + 2. Suppose 0 = 11*a + 50 - 17. Determine y(a).
38
Let p = -1 - -4. Suppose 27 = 6*c - p. Let y(f) = -f**2 + f. Let h(l) = -5*l**2 + l + 6. Let u(i) = h(i) - 6*y(i). Give u(c).
6
Let t(b) = b**3 + b**2 + 14. Let k(f) = f**2 - f - 2. Let j be k(2). Determine t(j).
14
Let u be (205/246)/(1/6). Suppose 0 = y + 3*y. Let x(q) = y + 3*q**3 - 6 + 6*q**2 - 4*q**3 - 2*q. Calculate x(u).
9
Suppose 0 = 5*g - 2*f - 100, 3*g + 3*f = -0*f + 39. Let s = 20 - g. Let n(o) = -4 + 6*o**2 - o**2 + 6*o - 3 - 3*o**s. Give n(-5).
13
Let z(n) = 3 - 5 + n - 4 + 1 - 5. Give z(-6).
-16
Suppose 4*i + i = 15. Suppose -14 = -3*a - 2. Let g(d) = 5*d - 2. Let z(y) = 6*y - 3. Let p(r) = a*g(r) - 3*z(r). Determine p(i).
7
Let o be (2/(-6))/(2/(-90)). Let v(f) = 41*f - 1 + 44*f - 86*f - o*f**3. Calculate v(-1).
15
Let c(s) = -4*s - 11. Let x(t) = -6*t - 22. Let j(k) = 5*c(k) - 3*x(k). What is j(-10)?
31
Let q(c) be the third derivative of c**4/6 - 3*c**2 - 6*c. Suppose -g - 4 = 0, -3*a = 3*g - 5*g + 1. Determine q(a).
-12
Suppose 17*t - 58 = -211. Let h(a) = a**3 + 10*a**2 + 8*a - 3. Calculate h(t).
6
Let z(r) = -r**3 - r**2 + r + 1. Let g(q) be the second derivative of -3*q**5/20 - q**4/6 + q**3/6 + 3*q**2/2 - 21*q. Let u(i) = -g(i) + 2*z(i). Determine u(0).
-1
Let j(c) = -c**2 + 17*c + 12. Let t = 642 - 625. What is j(t)?
12
Suppose 0 = 108*u + 272 - 272. Let g(i) = 2*i - 19. Let y(m) = -9 - 3*m + 0*m + 4*m. Let l(t) = 2*g(t) - 5*y(t). Determine l(u).
7
Let g(s) be the first derivative of s**6/120 + s**5/30 - s**4/6 - 2*s**3/3 + 6*s**2 + 2*s + 51. Let x(u) be the second derivative of g(u). Determine x(-3).
-1
Let k = 3 + -4. Let b(z) = 15*z**3 - 18*z**3 + 13*z**3 + 1. Give b(k).
-9
Let q(h) = 60*h**2. Let b(r) = -5*r**2. Suppose 0 = -4*i + 5*i - 35. Let s(j) = i*b(j) + 3*q(j). Give s(-1).
5
Let z(j) = 6*j - 1. Let l = -76 + 80. Calculate z(l).
23
Let b(t) = -t**3 - t**2 + 31*t - 7. Let n be b(5). Let u(r) = 13*r - 1. Give u(n).
-27
Let n be 2/2 - (4 - 7). Let u(k) be the third derivative of 0*k + 0 - 1/120*k**6 + 1/15*k**5 + 4*k**2 - 1/3*k**3 + 0*k**4. Give u(n).
-2
Let a be 2 - (-15)/(1 - 6). Let c(z) = -6*z**2 - z - 1. Give c(a).
-6
Let q(f) be the second derivative of -f**4/6 - f**2 + 10*f - 2. Let c = -2 + 4. Give q(c).
-10
Let o(v) be the third derivative of -v**4/24 - v**3/6 - v**2. Suppose -5 = -5*w - 10. Give o(w).
0
Let u(a) = -4*a**3 + a. Suppose -2*p = -4*l + 14, -3*p = l - 0*l. Determine u(p).
3
Let n = 56 + -52. Let x(b) = b**2 + b + 3. Let m be x(-3). Suppose -n*c - 3*i = 9 - 0, -2*c - m = -3*i. Let j(y) = -2*y - 2. What is j(c)?
4
Let m = 14 + -9. Suppose 9 + 26 = -m*l. Let c(y) = -y**3 - 8*y**2 - 9*y - 9. What is c(l)?
5
Let j be (4 - 3)/(1/15). Let x = j + -13. Let n(u) = -x*u - u**2 + u**2 + u + u**2. What is n(4)?
12
Let j = -628 - -621. Let p(s) = s - 11. Give p(j).
-18
Let n(c) = 4897*c - 4900*c - 14 + 0. Calculate n(-6).
4
Let x = 3 + -1. Suppose 0 = -3*j + 3*u - 6 + 21, 4 = -2*u. Let f(w) = 21 - j*w**x - w**3 + 2*w - 6 - 11. Calculate f(-3).
-2
Let z(d) = d. Let l = 21 + 15. 